{"id":32,"date":"2021-10-19T16:03:32","date_gmt":"2021-10-19T14:03:32","guid":{"rendered":"http:\/\/localhost\/11thielcke5\/?page_id=32"},"modified":"2024-02-01T21:00:35","modified_gmt":"2024-02-01T20:00:35","slug":"impressum","status":"publish","type":"page","link":"https:\/\/inga-thielcke.de\/?page_id=32","title":{"rendered":"Impressum"},"content":{"rendered":"<p><b>Herausgeberin<\/b><\/p>\n<p>Inga Thielcke<br \/>\nB\u00fclitz 13 | 29487 Luckau<br \/>\nMobil 0176 . 46 79 34 57<br \/>\neMail <a href=\"mailto:post@inga-thielcke.de\">post@inga-thielcke.de<\/a><\/p>\n<p>Zugesandte personenbezogene Daten k\u00f6nnen jederzeit auf Wunsch eingesehen und gel\u00f6scht werden. Mehr dazu erfahren Sie in der <a href=\"https:\/\/inga-thielcke.de\/?page_id=398\">Datenschutzerkl\u00e4rung<\/a>.<\/p>\n<p>Finanzamt Uelzen-L\u00fcchow<br \/>\nSt.-Nr. 47\/144\/06697<\/p>\n<p><b>Fotos:<\/b> Inga Thielcke | Start-Header: Andrea Ilgner | Angebote\/Kr\u00e4uterspaziergang, Naturdetektive: Bj\u00f6rn Vogt | Archiv\/Buschenbinden: Klaus Mayhack<\/p>\n<p><b>Gestaltung:<\/b> Dipl. Des. Andrea Ilgner | <a href=\"http:\/\/www.designwerkstatt-online.de\">www.designwerkstatt-online.de<\/a><br \/>\n<b>Webentwicklung:<\/b> Horst Eckert | <a href=\"http:\/\/www.die-werbeagentur.de\">www.die-werbeagentur.de<\/a><\/p>\n<p><b>Urheberrecht<\/b><\/p>\n<p>Das Urheberrecht der von der Herausgeberin erstellten und ver\u00f6ffentlichten Bildelemente und Texte bleibt allein bei der Herausgeberin dieser Seiten. Eine Vervielf\u00e4ltigung oder Verwendung dieser Objekte in anderen elektronischen oder gedruckten Publikationen ist ohne ausdr\u00fcckliche Zustimmung der Herausgeberin nicht gestattet.<\/p>\n","protected":false},"excerpt":{"rendered":"<p>Herausgeberin Inga Thielcke B\u00fclitz 13 | 29487 Luckau Mobil 0176 . 46 79 34 57 eMail post@inga-thielcke.de Zugesandte personenbezogene Daten k\u00f6nnen jederzeit auf Wunsch eingesehen und gel\u00f6scht werden. Mehr dazu erfahren Sie in der Datenschutzerkl\u00e4rung. Finanzamt Uelzen-L\u00fcchow St.-Nr. 47\/144\/06697 Fotos: Inga Thielcke | Start-Header: Andrea Ilgner | Angebote\/Kr\u00e4uterspaziergang, Naturdetektive: Bj\u00f6rn Vogt | Archiv\/Buschenbinden: Klaus Mayhack [&hellip;]<\/p>\n","protected":false},"author":1,"featured_media":491,"parent":0,"menu_order":3,"comment_status":"closed","ping_status":"closed","template":"","meta":{"footnotes":""},"class_list":["post-32","page","type-page","status-publish","has-post-thumbnail","hentry"],"_links":{"self":[{"href":"https:\/\/inga-thielcke.de\/index.php?rest_route=\/wp\/v2\/pages\/32","targetHints":{"allow":["GET"]}}],"collection":[{"href":"https:\/\/inga-thielcke.de\/index.php?rest_route=\/wp\/v2\/pages"}],"about":[{"href":"https:\/\/inga-thielcke.de\/index.php?rest_route=\/wp\/v2\/types\/page"}],"author":[{"embeddable":true,"href":"https:\/\/inga-thielcke.de\/index.php?rest_route=\/wp\/v2\/users\/1"}],"replies":[{"embeddable":true,"href":"https:\/\/inga-thielcke.de\/index.php?rest_route=%2Fwp%2Fv2%2Fcomments&post=32"}],"version-history":[{"count":18,"href":"https:\/\/inga-thielcke.de\/index.php?rest_route=\/wp\/v2\/pages\/32\/revisions"}],"predecessor-version":[{"id":928,"href":"https:\/\/inga-thielcke.de\/index.php?rest_route=\/wp\/v2\/pages\/32\/revisions\/928"}],"wp:featuredmedia":[{"embeddable":true,"href":"https:\/\/inga-thielcke.de\/index.php?rest_route=\/wp\/v2\/media\/491"}],"wp:attachment":[{"href":"https:\/\/inga-thielcke.de\/index.php?rest_route=%2Fwp%2Fv2%2Fmedia&parent=32"}],"curies":[{"name":"wp","href":"https:\/\/api.w.org\/{rel}","templated":true}]}}